 - 2079 = 0. What is the units digit of k?
7
Let z(g) = g**3 - 4*g**2 - 10*g + 8. Suppose -8*t - 6 = -9*t. What is the tens digit of z(t)?
2
Let x be 2 + (-2 - (-1 + 0)). Suppose -3*n + x = -8. Suppose 0 = -0*d + n*d - 18. What is the units digit of d?
6
Suppose -4*p = -7 - 1. Suppose -2*u - p*u = 3*g + 3, 5*g + 5 = -u. Suppose 3*z - 2 - 7 = u. What is the units digit of z?
3
Let g(s) = 0*s**2 - 12*s + s**2 + 0*s**2 + 11. Let l be g(9). Let q = -3 - l. What is the tens digit of q?
1
Let m(o) = -o**2 - 2*o. Let z be m(-2). Let g be (-1)/1*(z - 15). Suppose 2*s - g = -3. What is the units digit of s?
6
Let o = -3 + 0. Let y = 2 - o. What is the units digit of y?
5
Suppose -384 = -4*g - 2*t, -2*t + 0 - 4 = 0. What is the units digit of g?
7
What is the units digit of (8/6 - 2) + 1236/18?
8
Suppose 4*q - o + 65 = 6*q, 5*q + o = 158. What is the tens digit of q?
3
Let r(q) = q**3 + 12*q**2 + 9. Let l be r(-12). Suppose -3*s + l = -39. What is the units digit of s?
6
Suppose -2*b - 72 = -4*b. Let h = -25 + b. What is the units digit of h?
1
Suppose 3*k - 19 = -1. Suppose 0 = -0*n + 2*n - k. What is the units digit of n?
3
Suppose -216 = -50*o + 42*o. What is the units digit of o?
7
Suppose 4*i - 2*d + 0*d - 190 = 0, 3*d = 3*i - 135. What is the units digit of i?
0
Let c(y) = y**2 - 5*y - 2. Let r be 1 - (-2 - 4/2). Let t be c(r). What is the units digit of (-5)/(t/((-4)/(-2)))?
5
Suppose -10 = -2*y + 2*h - 0*h, -5*h - 25 = -4*y. Suppose 2*p - 5*t - 75 = y, 2*t + 2 = 4*t. What is the units digit of p?
0
Suppose k + 5 = w, -2*w - 4*k - 20 = -w. Suppose 2*p = -w*p + 2. What is the units digit of p?
1
Let h = 9 - -4. Suppose 3*b = -j + h, 4 + 11 = 5*b + 3*j. Suppose -3*f - 15 = -b*f. What is the units digit of f?
5
Let o(l) = 3*l. Let m be o(1). Suppose -124 = -d + m*d + 2*s, 3*d = 5*s - 170. What is the units digit of (-3)/(-2)*d/(-6)?
5
Let s(a) = a**3 + 12*a**2 - 2*a - 6. What is the units digit of s(-12)?
8
Let a(m) = -2*m + 2. Let f(s) = 5*s - 1. Let q be f(1). Let c be a(q). What is the units digit of 4/6*(-45)/c?
5
Let u(j) = 3*j - 1. Let h be u(-1). Let a(l) = -l**2 - 3 - 2 - 1 - 6*l. What is the units digit of a(h)?
2
Suppose -5 = -2*n - 3, -3*n = 4*v - 3. Suppose v = 4*k + 4*c - 1 - 35, 0 = -5*k - c + 53. Let u = 19 - k. What is the units digit of u?
8
Let u = -9 - -21. Suppose 2*x + u - 50 = 0. What is the units digit of x?
9
Let r(x) = -20*x + 3. Let n(l) = 7*l - 1. Let u(c) = 11*n(c) + 4*r(c). What is the units digit of u(-4)?
3
Let g(s) = 25*s + 3. What is the units digit of g(2)?
3
Suppose 0*n - n + 2*j = -11, -2*n - 6 = 3*j. Let t = 3 - n. Suppose -q + 2*x = -t*q - 12, 4*q = x + 62. What is the tens digit of q?
1
Let n(y) = -2 + 6 + y + 5. Let c be n(-7). Suppose 14 = 3*s - c*s. What is the units digit of s?
4
Let r(n) = -n**3 - 5*n**2 + n - 3. Let u be r(-5). Let t(q) = -4*q + 10. Let g be t(u). What is the units digit of -3*(g/(-9) + 2)?
8
Suppose 2*z - 2*j - 12 = 0, 3*j + 3 = -0*z - 2*z. Suppose -5*c - 2*g + 135 = 0, z*c - 112 = 8*g - 3*g. What is the tens digit of c?
2
Let y(k) be the first derivative of k**6/180 + k**4/12 + k**3 - 1. Let q(l) be the third derivative of y(l). What is the tens digit of q(2)?
1
Let m be 6/(-27) + (-101)/(-9). Let d = -5 + m. What is the units digit of d?
6
Let l = -68 + 171. What is the units digit of l?
3
Suppose -4*p = -3*f + 89, 0*f = -4*f + 3*p + 107. What is the units digit of f?
3
Suppose 4*w - 13 = -1. Suppose -4*i + i = w. What is the units digit of (2/(-6))/(i/21)?
7
Suppose 3*w + 133 = f + 2*w, -3*w = 5*f - 625. What is the units digit of 5*(f/20)/4?
8
Suppose 0 = k - 4*k - 6. Let n be k/(0 - (-2)/(-2)). Suppose 8 = 2*q, -5*u - 3 = -n*q - 0. What is the units digit of u?
1
Suppose 3*p = 45 + 6. Let g = p + 12. What is the units digit of g?
9
Suppose 5*b + k - 5*k = 130, 26 = b + 2*k. Let f = b + -14. What is the tens digit of f?
1
Suppose -5*w - 833 = -12*w. What is the tens digit of w?
1
Let y = 154 + -56. What is the units digit of y?
8
Let y = 13 - 7. Let j(h) = -y*h + 0*h**2 + 2*h**2 + 2*h**2 + h**2 + 7 + h**3. What is the units digit of j(-6)?
7
Let v be 0*3*2/(-18). Let o(p) = -p**2 - 4*p + 6. Let j(c) = -2*c**2 - 7*c + 12. Let d(z) = 4*j(z) - 7*o(z). What is the units digit of d(v)?
6
Let c = 2 + -1. What is the units digit of (-1 + 1 - c)*-2?
2
Let p be 5/(-15) + (-178)/(-3). Suppose -3*c + p = -52. What is the tens digit of c?
3
Suppose -4*f + 6 = 5*t - 33, -4*f = -t + 3. Suppose 3*u = t*u - 8. Let h = u + 5. What is the units digit of h?
7
Suppose 5*x - x = 200. What is the units digit of x?
0
Suppose 4*t - 9 = 15. Let m = t - 4. Suppose v - 9 = -m*v. What is the units digit of v?
3
What is the units digit of 11/33 + 46/6?
8
Let z(y) be the first derivative of y**5/20 - y**4/3 - 2*y**3/3 - 3*y**2/2 - 3*y + 2. Let g(c) be the first derivative of z(c). What is the units digit of g(5)?
2
Suppose 4 - 20 = -o. What is the units digit of o?
6
Let k(p) = -p**2 - 2. Let w be k(-3). Let r = w + 18. What is the units digit of r?
7
Let o = 171 + -63. What is the units digit of o?
8
Suppose 3*d = -2*h - 19, -h - 2*d = -5*h + 2. Let p be 0/(-3) + 2 - h. Suppose 5*s - 60 = p*c, -3*c = 6*s - s - 25. What is the units digit of s?
8
Let c be (-2 - -61) + 2 - 3. Let v = -40 + c. What is the tens digit of v?
1
Let q(j) = -j**3 - 9*j**2 - 8*j + 3. Let f(w) = -24*w. Let g be f(-1). Suppose 0*r - g = 3*r. What is the units digit of q(r)?
3
Suppose -q + d = -6, -3*q - 5*d - 1 = 13. Let o be -2 + 3 + 0/q. What is the units digit of -15*o*1/(-3)?
5
Let r = -6 - -82. What is the units digit of r?
6
Let f(x) = 3*x**2 + 6*x + 5. Let v be f(-4). Let p = v - 12. What is the tens digit of p?
1
Suppose 0 = 5*d, -3*d - 36 = -4*a - 6*d. Let o be 30/a + 1/(-3). Suppose 0 = q + o*q - 60. What is the tens digit of q?
1
Let x(h) = h**2 + 7*h + 5. Let j be x(-7). Let b(c) = 3*c - 5. Let y be b(j). Suppose 2*t + 13 = m, -2*t = -2 + y. What is the units digit of m?
5
Let h(s) = -4*s**3 + 2*s**2 + 2*s + 1. Suppose 1 = -4*c - 3*q, 3*q = c - 2*q + 6. What is the units digit of h(c)?
5
What is the tens digit of (-2)/(-12) + (-41675)/(-150)?
7
Suppose 0 = 5*s - 1 - 124. Let n be 4/(-18) + 151/(-9). Let x = s + n. What is the units digit of x?
8
Let n = 7 + 32. What is the units digit of n?
9
Let p = 55 - 36. Suppose -4*n + 21 = 5*v, 2*v + 3*n + 5 = p. What is the units digit of v?
1
Suppose 5*q - 2*h = 592, 3*q = 5*q - 2*h - 232. What is the hundreds digit of q?
1
Suppose -10 = x - 6*x. Suppose 3*m + x*f = 9, -5*f + 10 = -2*m + 7*m. Suppose 0 = h - 2*n + 5, -2*n - 10 = -m*h + h. What is the units digit of h?
5
Let j = -20 - -12. Let z = 11 + j. What is the units digit of z?
3
Suppose 11*a = -5*a + 1392. What is the tens digit of a?
8
Let w = -17 - -19. What is the units digit of w?
2
Let s = -1 + 0. Let h = 18 - 13. What is the units digit of 6/3 + h + s?
6
Let v be (4/10)/((-2)/(-10)). Suppose 4*t - 6*t + 10 = 0. Suppose 3*z + 25 = 2*i, 11 + 4 = -v*i - t*z. What is the units digit of i?
5
Suppose -c = -0*c - 4. Suppose 0 = 4*l + p - 45, 11 = c*l - 3*p - 14. What is the units digit of (l - 4)*(-1)/(-3)?
2
Suppose 5*l - 4*l - 3 = 0. Suppose -l*n - 19 = 38. Let w = n + 27. What is the units digit of w?
8
Let q be 20/6 - 1/3. Suppose 4*v = -v - q*f + 16, -3*v - f = -12. What is the units digit of v?
5
Let u(w) = -w**3 - 7*w**2 - w - 7. Let g be u(-7). Let t = 7 + g. Let v = t + -5. What is the units digit of v?
2
Suppose -2*v - i + 2 = 0, -3*v + 0*i + 8 = -i. What is the units digit of -2*v/((-8)/14)?
7
Suppose 2*l + 4*l = 162. What is the tens digit of l?
2
Suppose -3 + 0 = -3*l. Let o be (6*l)/(8/(-20)). Let i = 21 + o. What is the units digit of i?
6
Suppose -4*j - 68 = -5*d, 5*j - 5 + 15 = 0. What is the tens digit of d?
1
Suppose 0 = -4*a + 3*a + 4. Suppose a*y - 2*t = 4, 6*t - 20 = -4*y + 4*t. Suppose -y = -k + 6. What is the units digit of k?
9
Let d(m) = -2*m + 100. What is the units digit of d(-34)?
8
Let k(m) be the third derivative of -m**6/120 - m**5/10 + 5*m**4/24 - 4*m**3/3 + 2*m**2. Let r be -2 + -4 - (-2)/(-2). What is the units digit of k(r)?
6
Let d = 8 - 5. Suppose -a = -d*a + 18. What is the units digit of a?
9
Suppose 2*g = 6 - 0. Suppose 0 = g*b + b + 4. What is the units digit of (-3)/(-2) - b/2?
2
Let 